he remainder when 922 is divided by 79?
53
What is the remainder when 570352 is divided by 42?
34
What is the remainder when 16416 is divided by 1630?
116
Calculate the remainder when 9686 is divided by 1079.
1054
What is the remainder when 18373 is divided by 17?
13
Calculate the remainder when 1207363 is divided by 560.
3
Calculate the remainder when 1870 is divided by 716.
438
What is the remainder when 18011 is divided by 2?
1
Calculate the remainder when 135741 is divided by 135724.
17
What is the remainder when 71993 is divided by 4?
1
What is the remainder when 20701 is divided by 31?
24
What is the remainder when 9558 is divided by 47?
17
Calculate the remainder when 37424 is divided by 18659.
106
What is the remainder when 1238 is divided by 615?
8
Calculate the remainder when 22375 is divided by 5592.
7
What is the remainder when 130060 is divided by 25986?
130
Calculate the remainder when 549 is divided by 172.
33
What is the remainder when 4031 is divided by 75?
56
What is the remainder when 122330 is divided by 61160?
10
What is the remainder when 2196 is divided by 733?
730
Calculate the remainder when 26317 is divided by 11.
5
Calculate the remainder when 8113 is divided by 636.
481
Calculate the remainder when 14865 is divided by 261.
249
What is the remainder when 87988 is divided by 105?
103
What is the remainder when 105767 is divided by 63?
53
What is the remainder when 15611 is divided by 424?
347
What is the remainder when 33663 is divided by 421?
404
Calculate the remainder when 4356 is divided by 364.
352
What is the remainder when 1666 is divided by 322?
56
Calculate the remainder when 4435 is divided by 2151.
133
What is the remainder when 15598 is divided by 3896?
14
What is the remainder when 2963 is divided by 706?
139
Calculate the remainder when 63201 is divided by 22.
17
Calculate the remainder when 19590 is divided by 1790.
1690
Calculate the remainder when 4367 is divided by 1452.
11
What is the remainder when 907 is divided by 76?
71
What is the remainder when 4186 is divided by 876?
682
Calculate the remainder when 28167 is divided by 909.
897
Calculate the remainder when 4416 is divided by 730.
36
What is the remainder when 22104 is divided by 10692?
720
What is the remainder when 151929 is divided by 3100?
29
What is the remainder when 270469 is divided by 19319?
3
Calculate the remainder when 38421 is divided by 388.
9
Calculate the remainder when 471893 is divided by 37.
32
Calculate the remainder when 5157 is divided by 5124.
33
Calculate the remainder when 166932 is divided by 24.
12
What is the remainder when 4003 is divided by 668?
663
What is the remainder when 33247 is divided by 8295?
67
Calculate the remainder when 1088000 is divided by 693.
683
What is the remainder when 422347 is divided by 1422?
13
What is the remainder when 10173 is divided by 36?
21
Calculate the remainder when 958 is divided by 234.
22
What is the remainder when 35492 is divided by 51?
47
What is the remainder when 27748 is divided by 108?
100
Calculate the remainder when 345358 is divided by 2068.
2
What is the remainder when 38082 is divided by 1276?
1078
What is the remainder when 3478 is divided by 145?
143
Calculate the remainder when 357159 is divided by 12315.
24
What is the remainder when 215634 is divided by 21561?
24
What is the remainder when 286903 is divided by 468?
19
What is the remainder when 1623 is divided by 1040?
583
What is the remainder when 25786 is divided by 260?
46
What is the remainder when 52781 is divided by 135?
131
Calculate the remainder when 151 is divided by 68.
15
Calculate the remainder when 612 is divided by 300.
12
Calculate the remainder when 35998 is divided by 17979.
40
What is the remainder when 1181841 is divided by 24?
9
What is the remainder when 53343 is divided by 54?
45
Calculate the remainder when 1247 is divided by 45.
32
What is the remainder when 2033 is divided by 227?
217
Calculate the remainder when 991 is divided by 93.
61
What is the remainder when 46079 is divided by 1843?
4
Calculate the remainder when 43268 is divided by 669.
452
Calculate the remainder when 10965 is divided by 28.
17
What is the remainder when 7320 is divided by 48?
24
What is the remainder when 103029 is divided by 34332?
33
What is the remainder when 312047 is divided by 10?
7
Calculate the remainder when 8957 is divided by 2920.
197
Calculate the remainder when 9812706 is divided by 31.
28
What is the remainder when 16965 is divided by 27?
9
Calculate the remainder when 449 is divided by 77.
64
What is the remainder when 37598 is divided by 34?
28
Calculate the remainder when 96663 is divided by 152.
143
What is the remainder when 43459 is divided by 439?
437
What is the remainder when 626441 is divided by 52?
49
Calculate the remainder when 5564 is divided by 293.
290
Calculate the remainder when 2088 is divided by 684.
36
What is the remainder when 9452 is divided by 928?
172
Calculate the remainder when 461118 is divided by 20.
18
Calculate the remainder when 809 is divided by 4.
1
What is the remainder when 277 is divided by 79?
40
What is the remainder when 75465 is divided by 276?
117
What is the remainder when 4548 is divided by 41?
38
What is the remainder when 131367 is divided by 383?
381
What is the remainder when 3960 is divided by 675?
585
Calculate the remainder when 3508 is divided by 26.
24
Calculate the remainder when 108639 is divided by 639.
9
What is the remainder when 7660 is divided by 2480?
220
What is the remainder when 2116 is divided by 12?
4
What is the remainder when 2194245 is divided by 14?
11
Calculate the remainder when 21985 is divided by 7204.
373
Calculate the remainder when 1515 is divided by 719.
77
Calculate the remainder when 23598 is divided by 3354.
120
What is the remainder when 43612 is divided by 231?
184
What is the remainder when 4622 is divided by 2279?
64
What is the remainder when 3468 is divided by 238?
136
What is the remainder when 4525 is divided by 1439?
208
What is the remainder when 135893 is divided by 422?
9
Calculate the remainder when 26754 is divided by 49.
0
Calculate the remainder when 3171 is divided by 2577.
594
What is the remainder when 2862 is divided by 696?
78
What is the remainder when 2543 is divided by 664?
551
What is the remainder when 3793 is divided by 1861?
71
What is the remainder when 944772 is divided by 51?
48
Calculate the remainder when 507829 is divided by 1181.
1180
What is the remainder when 14153 is divided by 588?
41
Calculate the remainder when 312252 is divided by 361.
348
Calculate the remainder when 152384 is divided by 97.
94
Calculate the remainder when 856 is divided by 124.
112
Calculate the remainder when 7836 is divided by 3885.
66
Calculate the remainder when 2060157 is divided by 148.
145
What is the remainder when 104450 is divided by 8033?
21
What is the remainder when 6738 is divided by 33?
6
Calculate the remainder when 9626573 is divided by 991.
990
What is the remainder when 399214 is divided by 533?
530
Calculate the remainder when 623 is divided by 18.
11
Calculate the remainder when 10726 is divided by 35.
16
Calculate the remainder when 2307 is divided by 11.
8
What is the remainder when 133219 is divided by 535?
4
What is the remainder when 723 is divided by 179?
7
What is the remainder when 50521 is divided by 53?
12
Calculate the remainder when 977 is divided by 56.
25
Calculate the remainder when 3023 is divided by 370.
63
Calculate the remainder when 103513 is divided by 505.
493
What is the remainder when 4169 is divided by 333?
173
Calculate the remainder when 213727 is divided by 533.
527
What is the remainder when 355 is divided by 124?
107
Calculate the remainder when 388645 is divided by 129546.
7
Calculate the remainder when 555104 is divided by 30.
14
What is the remainder when 14494 is divided by 83?
52
What is the remainder when 96543 is divided by 2412?
63
Calculate the remainder when 440746 is divided by 3.
1
Calculate the remainder when 464397 is divided by 1080.
1077
Calculate the remainder when 988894 is divided by 124.
118
Calculate the remainder when 21405 is divided by 16.
13
Calculate the remainder when 959 is divided by 135.
14
Calculate the remainder when